What is -1 + -2 + 5 + 24 + 34 + -21?
39
What is the value of -81 - (-97 - (-55 + -6))?
-45
What is -41 - (18 + (-97 - -77 - (-1 + -2)))?
-42
Calculate -16 + 15 + -10 + 42.
31
Calculate (-6 - -10) + -124 + (-12 + 32 - 6 - 6).
-112
3 + (-8 - -8 - (-33 + 35 + -5 + -1))
7
-6 + -78 - (-193 - -174)
-65
What is (74 - 73) + 46 + -61?
-14
(16 - 6) + (21 - 53 - -14)
-8
What is the value of 5 + -8 + 274 + -146?
125
Evaluate (-3 - 31 - -49) + 30 + 12 + 0.
57
-96 + 4 + 77 + (0 - -1)
-14
Calculate 45 + 62 - (-38 + 11 - -66).
68
Calculate -3 - -8 - (-84 - -99 - (-111 + -1)) - -11.
-111
Calculate (-92 - -206) + -308 + 86.
-108
What is the value of -1 + 9 - ((-62 - -54) + 43 - -48)?
-75
What is (134 - 121) + -43 + 28?
-2
-218 - -226 - (-1 - -5 - (-56 + 18))
-34
Evaluate (-608 - -569) + (-1 - -14) + (-10 - -2).
-34
What is -45 + (172 - -12) + -106?
33
Calculate 323 + -126 - (308 + -166).
55
What is 0 - 77 - (1655 + -1598 - (2 + 67))?
-65
Calculate 73 + -3 + (6 - 1 - 18) + 15 - -8.
80
12 + -28 + 23 + 5 - 5
7
Evaluate (17 - (-7 + 30 + 13)) + 16.
-3
Calculate (2 - 107 - ((16 - 86) + 90)) + (4 - -7).
-114
What is the value of -186 + 176 + (-24 - 2) + 79?
43
What is the value of (-16 + 2 + (-10 - 19) - -21) + 43?
21
What is the value of -17 + (43 - 33) + -4 + 3 + -3?
-11
Evaluate (-31 - 3) + (-2749 - -2786).
3
Evaluate (21 - 2) + (-146 - (-79 - (-67 + 21))).
-94
Evaluate 57 - 58 - 67 - -101.
33
Evaluate -10 - (0 - 3) - (10 + (-18 - 5) + 39).
-33
What is the value of -53 - (8 - (5 - -5 - (15 - 17)))?
-49
10 + (-25 - (-19 + -5)) - 42
-33
Calculate 1 - -92 - (716 - 567).
-56
What is (-1 + 23 - (55 - 40)) + -67?
-60
Calculate (0 - 11 - -23) + -7 - (6 + -19 + -2).
20
What is (16 - 2 - 15 - -13) + -23 - 7?
-18
What is 11 - (4 + 89 - ((10 - 29) + 4))?
-97
(1 - (-2 - -13)) + (-8 - 22 - (-97 + 29))
28
Calculate (-19 - (102 - 111)) + -29.
-39
What is -28 + (-29 - -146 - 48)?
41
What is 1 + (-15 - (6 + -11)) + 7 + (-39 - -2)?
-39
0 - -58 - (20 + 3 + (-14 - (-19 - -20)))
50
Calculate -87 - (33 + (-109 - -90)).
-101
48 + (-177 - (-57 + -78))
6
What is (34 - (3 + (2 - 18) + 18)) + 1?
30
Calculate 33 + -36 + 3 + -1 + -5 + -24.
-30
What is -55 + (61 - 46) - -72?
32
Calculate -50 + 40 + 21 - (-1 - -22) - -7.
-3
What is the value of -2331 + 2392 - (-4 - (-50 + 2))?
17
What is -15 + (-5 - (6 - (51 - 17)))?
8
What is (-75 - 8) + 43 + 38?
-2
What is 9 + 2 + 124 + -161 - -10 - 22?
-38
Evaluate -2 - (-22 + (23 - 8) + -4 + -26).
35
What is the value of 15 + -33 + (-33 - -85)?
34
Evaluate -5 + (83 - (10 + (-10 - (2 + -7)))).
73
193 + -197 - (-1 + 6 + (87 - 93) - 19)
16
Evaluate -14 - -21 - (-9 - -3 - (-65 + 55)).
3
-94 - (2 - (-13 - -169))
60
Calculate -1 - (6 + 5 - 7) - 4 - (-37 + 9).
19
What is (-109 - -19) + (29 - -15)?
-46
What is 3 + 3 - (-342 - -321 - (-75 - 0))?
-48
18 - -43 - (2 + -6 + 3)
62
What is (-20 - (20 + -16 - 3)) + -3?
-24
-113 + -11 - (-183 + -10)
69
Evaluate -495 + 482 - (0 - 3 - (6 + -2)) - 32.
-38
What is the value of (-41 - (5 + -6)) + (-115 - -126) - 4?
-33
Calculate 2 + (-35 + 34 + -16 - -22).
7
What is the value of -13 + 32 + (-50 - -45)?
14
Evaluate (3 - 0) + -33 + (-20 - -18 - -7).
-25
What is (3 - 0) + 13 + -10 + -5 - -24?
25
What is the value of 0 + -91 + (66 - 63 - 7) - (5 - 16)?
-84
(4 - -4) + -19 + -20 + (50 - 18)
1
What is the value of (-1 + 1 - -3) + 3 + -1 - (-8120 - -8178)?
-53
Evaluate -67 + 88 - (-1 + -3 + 14 + -10).
21
Evaluate 24 + -74 - 76 - -30.
-96
What is the value of 96 + -68 - (10 + -8 + 1)?
25
What is 1 - 0 - (-63 - 4) - (-12 + (32 - 28))?
76
What is the value of -5868 + 5878 + 2 + -2 + -42 + -2?
-34
Evaluate (-2 + -25 - (-135 - -110)) + -8.
-10
Evaluate (-4592 - -4587) + (-2 - ((0 - 0) + 38 + 0)).
-45
Evaluate -32 + 2 - (85 - 127).
12
What is the value of 17 + (37 - 9 - 0) + -26?
19
Evaluate 1 - 35 - (-23 + (25 - 3) + -11).
-22
Evaluate (-2 - 12) + (20 - (-24 + 27) - -6) - -119.
128
66 + (-12 - -6) + 7 + 13 + -13
67
-23 + -22 - (-69 + 41 + -4)
-13
Calculate 5 - (-25 + -10 - -65).
-25
Evaluate 7 + (-9 + 5 - 4) - (-7 - (-8 - 19)).
-21
Calculate 126 + -16 + 122 + -107.
125
What is -1 + (-8 + 6 + 8 - 4 - 8 - 95)?
-102
Evaluate 0 + (58 - 1 - (-5 + 31)).
31
Calculate 7 + -12 + -52 - (35 - 5).
-87
What is (-64 - (-39 + -9)) + 24 - (1 - 26)?
33
What is the value of (287 - 276) + -25 + 0?
-14
What is the value of 67 + (75 - 57) + -60?
25
What is (-17 - (-6 - (-19 - -26))) + -37?
-41
What is the value of -6 + (56 - 42 - (-49 - 1)) + -14?
44
Evaluate -72 - ((4 - -2) + (32 - 20 - 4)).
-86
(1 - 10) + 0 + 11 + 7 + -67 + -28
-86
What is the value of 3105 + -3133 - (0 + 2 + -28)?
-2
What is 1 + 1 + -1 - ((53 - 78) + (-74 - -44))?
56
What is the value of 0 + -20 - (-29 + 28 - 16)?
-3
Evaluate 82 + (74 + -174 - -110).
92
What is the value of 18 - (118 - (38 + 5))?
-57
Calculate -81 - (58 + -145 - 55).
61
What is 6 - (-82 + 145 + -123)?
66
Evaluate (66 - 0) + (-6 - (-10 - -21) - -18).
67
(192 - 219) + 0 + -6 + (47 - 34)
-20
Evaluate -45 - (5 - (-5 - -1 - 2) - 23).
-33
Calculate (3 - -38 - 2) + 17 + (-22 - (-26 - -27)).
33
Evaluate -8 - (-8 + -31 - -183) - -27.
-125
Evaluate 46 + -54 - -87 - 49.
30
Calculate 71 + (2 + -15 + 17 - -4 - (-5 - -26)).
58
What is 1 + 70 + -2501 + 2428?
-2
What is the value of (-5105 - -5117) + 8 + -1 + 0 + -56?
-37
What is (38 - 57) + 38 + -1 + -18 + 6 - -76?
82
What is the value of (0 - -2) + -78 + 76 - (34 - -4)?
-38
Calculate -3 - (92 - 5) - -86.
-4
What is the value of (-49 - -280) + -113 + -21?
97
-4 + 24 + 5 + 5 + -290 + 284
24
14 - ((3 - 0) + (12 - 8 - -75) - 1)
-67
Calculate -1 + 33 + (-2379 - -2396) + (-1 - -7).
55
What is the value of (9 - (4 + 21)) + -50 - -25?
-41
Calculate (-15 + 33 - (55 - 18)) + 33.
14
What is 15 + 2 + -26 + -10 - -13?
-6
Evaluate -25 - (22 + 12 + -25).
-34
Evaluate -12 + 24 + (-16 - -2) - (30 + (1 - -4)).
-37
Evaluate 0 + -3 + (-2 - (-9 + 7)) - (-67 - -80).
-16
-36 + (-104 - -63) + 133
56
Calculate -49 - (-65 - -27) - -7.
-4
Calculate (20 - 6) + (34 - 30) + (-1 - 1) + 9.
25
What is -1 + 0 + 11 + 34 + -50 - 25?
-31
What is the value of 9 - (-13 - (-40 - -16))?
-2
Evaluate -4 - (-10 - 1 - -7) - -55.
55
Evaluate 106 + (44 - -16 - 21) + -36.
109
Evaluate (-1 - (0 + 6 + -4 + -5)) + -8.
-6
What is the value of (-74 + 88 - (11 + (1 - 0) + -3)) + -71?
-66
What is the value of 107 + (-105 - (4 - 54))?
52
Evaluate 11 + -60 - -55 - (11 - -16 - (3 + -2)).
-20
What is (-58 - (18 - 38)) + (-1 - (3 - 1)) + -2?
-43
What is the value of -45 - (1227 + -1234 + (-2 - -17 - (0 - 1)))?
-54
What is the value of (1 - 2) + -61 + 57?
-5
What is -40 + -16 - (1 - (25 + -10))?
-42
What is 120 + 13 + (-92 - 39)?
2
-6 - (4 + (19 - 7) + (11 - 5) + -3)
-25
What is 9 + -23 + (2 - (8 - 23)) - -42?
45
What is the value of (-1134 - -1002) + 213 + 4?
85
What is -74 + 26 + (10 - -58)?
20
(-9 - (-9 + 16 + 3 + -12)) + (1 - 3)
-9
What is the value of -199 + -13 + -40 + 111?
-141
What is the value of 23 - -27 - (7 + 14)?
29
What is the value of (-1 - -3 - (51 + (-22 - -6))) + 5?
-28
Calculate -1 + 27 - (-15 + -8 + 23 + -9).
35
Evaluate -30 + -1 - ((33 + 0 - 23) + -9).
-32
What is the value of -13 - (13 - (7 - -8 - -24))?
13
What is (2 - 0 - (-3 - 6)) + (378 - 429)?
-40
Evaluate (-9 + 2 - (10 - -5)) + (-12 - -16).
-18
What is the value of 30 - (-61 + (5 - (8 - 20)))?
74
Evaluate -1 - (4 + 2 + -5 + 4) - (1789 - 1814).
19
Evaluate 2 + 3 + (-27 - -16) - (56 - 0).
-62
Calculate -4152 + 4047 - (-87 + 0).
-18
What is the value of (11 - -29) + 7 + -13 + -2?
32
What is the value of (-73 - -24 - -22 - -31) + -30?
-26
Calculate 7 - (7 - -28) - (-19 - (-8 - -2) - -8).
-23
56 + -43 - (-54 - (-2 + 0))
65
Evaluate -35 - 2 - -35 - (3 + 0) - (1 - -6).
-12
What is the value of -6 - (2 + (0 - 8)) - (5 + 14 + 7)?
-26
What is 1 - (-14 + 69 + -10 - (-2 + -2 - 3))?
-51
11 + -14 + -52 + 49
-6
-147 + 11 + 1 + 78
-57
Evaluate 7 - 5 - (-4 + 11 - -2) - (0 - -29).
-36
(-48 - -10 - 8) + 22
-24
What is -19 + (4 - 4) - (326 - 331)?
-14
Evaluate (-107 - -125) + -146 + 97.
-31
What is the value of 0 + -8 + (-91 - -66 - -25) - -8?
0
10 + (16 - ((-1 - -19) + -15 - 14))
37
What is the value of 62 + -1 + 0 - (-353 - (-508 + 164))?
70
What is -31 + 84 - (100 - 23)?
-24
-11 + 15 + -63 + 1 + (-10 - -10 - -12)
-46
Evaluate (-80 - 11) + 36 + -1.
-56
What is the value of (50 - 55 - (